) = 1775*j - 239*j + 921*j - 253*j + 9. Is h(1) a prime number?
True
Let k be 21/6 - (5 + -2)/6. Suppose 2*o - 5*h = -2*o + 2529, -1895 = -k*o + 2*h. Is o a composite number?
False
Suppose -331*b - 25225193 = -62897288 - 54940712. Is b composite?
True
Let r(v) = -6009*v**3 - 8*v**2 - 86*v - 388. Is r(-7) a composite number?
False
Suppose 0 = 4*v + 4*h - 7608, 0 = v - 6*v + 4*h + 9483. Suppose -5*c - 4*c - v = 0. Let b = 590 + c. Is b a composite number?
False
Suppose 2*u - 996 = 3*a, 690 = -3*u - 4*a + 2218. Suppose -511*c = -u*c - 25963. Is c prime?
True
Let o be 68/3 - (0 + (-8)/(-12)). Suppose -20*q = -o*q + 970. Is q composite?
True
Let r = 537318 - 277213. Is r composite?
True
Let o(t) = -36*t**3 + 67*t**2 - 22*t + 17. Is o(-10) a prime number?
True
Let r = 178 + -15916. Let i = r + 23149. Is i composite?
False
Let i be (-35)/(-14)*266/35. Suppose -15567 = -i*p + 26366. Is p composite?
False
Let y(u) be the third derivative of -u**6/120 + u**5/6 - 5*u**4/12 + 10*u**3/3 + 2*u**2. Let f be y(11). Let q = 444 + f. Is q prime?
True
Let o = -5525374 + 11413023. Is o a composite number?
False
Let l(s) = s**3 - 16*s**2 + 10*s - 10. Let q be 15 - (5 - (3 + 2)). Let d be l(q). Let t = d - -140. Is t prime?
False
Let d be ((-8060)/(-78))/(-1 - 46/(-42)). Suppose 3*p - 2*b + d = 11806, -2*p + 7140 = -5*b. Suppose 9*x + p = 20090. Is x composite?
True
Let x(w) = -w**3 + 11*w**2 - 20*w + 20. Let l be x(10). Let c = l - -84. Suppose 7*v = c*v + 2361. Is v a composite number?
False
Let d(h) = -377964*h**3 - 775*h - 776. Is d(-1) a prime number?
True
Suppose 13*a = 16 + 49. Suppose -3*r + 3*p = 2*r - 39167, -4*p = a*r - 39174. Is r a composite number?
True
Suppose -347954 = -j - 5*k, 3*j + 144129 - 1187936 = -4*k. Is j a composite number?
False
Is ((-5751)/(-135))/((-9)/(-65370)*2) composite?
True
Let k(v) = -22*v**3 + 7*v**2 - 15*v + 371. Is k(-15) a composite number?
False
Suppose -217*q - 188*q + 225287975 = -130*q. Is q composite?
False
Let o(v) = -15*v + 122. Let w be o(8). Is (-6 - -1) + w + (-4 - -3249) composite?
True
Suppose 0 = 5*v + 26327 - 82492. Is v composite?
True
Suppose 4*f - 308 = -g, -3 = g - 7. Let y = 159 - f. Is y composite?
False
Suppose -2*f + 5*v = 3*v + 16, f = -v - 4. Is 2 - (-16)/f - 80507/(-21) a composite number?
False
Is (-10716)/(-9) + 100/300 composite?
True
Suppose 0 = 2*a - 5*t + 43, -4*t = 5*a - 0*t + 91. Let z = a - -20. Is z/1 - (-590 + 4) composite?
False
Let b(l) = -3*l**3 - 15*l**2 - 8*l - 13. Let q be b(-11). Suppose 3*z - 8 = 10. Suppose -z*m + 1557 = -q. Is m a composite number?
True
Suppose 3*f - m - 138 = 0, -2*f = -f - 4*m - 57. Let s be (-16)/(-120) + 12054/f. Suppose -3*p + s = 1. Is p a prime number?
True
Suppose 3*f - 56 = -f - 4*t, 2*f - t = 16. Suppose f*v = 13*v. Suppose v = -0*h + 3*h - 5*s - 2979, 0 = -4*s. Is h prime?
False
Suppose -17*k + 22*k = 30. Suppose -2*t = 2, t + 3846 = k*n - n. Is n a prime number?
True
Let f = -43904 - -62863. Is f a composite number?
False
Let h(z) = -4*z**3 - 3*z**2 - 3*z - 1. Let t be h(-1). Suppose j = t*s + 330, 990 = 3*j - 0*s + 2*s. Suppose 4*o - j = 9722. Is o prime?
False
Let m = 139914 - 30433. Is m prime?
True
Let d(u) = 213*u**2 + 16*u - 216. Let j be d(8). Suppose -14*g = -22*g + j. Is g composite?
False
Let m(u) = u**3 + 9*u**2 + 4*u + 31. Let g be m(-9). Let x be (g - -2) + (-2 + 5 - 0). Is 2 + (1846 - 1) + 0 + x prime?
True
Suppose -19*l + 1196 + 10888 = 0. Suppose 637*d - l*d = 4621. Is d a composite number?
False
Suppose -9*q + 12*q + 4*g = 412538, -275018 = -2*q + g. Suppose -q = -75*w + 65*w. Is w a prime number?
True
Suppose -3*x - 535507 = -5*b, 0 = -b + 140*x - 137*x + 107111. Is b composite?
False
Suppose -2*n = 6, -g + 4*n + 18 = 1. Suppose 2*c - o - 3*o - 506 = 0, -g*o + 1064 = 4*c. Suppose -51*w = -54*w + c. Is w prime?
False
Suppose 4*t + 8 = -s - 4*s, -19 = -t + 4*s. Suppose -4*b = 5*n - 9327, -4*b + 2336 = -3*b - t*n. Is b composite?
False
Let s be (-3)/(-2) - 662275/(-118). Suppose -6809 = -3*p + s. Is p a prime number?
False
Suppose -5*f + 110 = 80. Suppose 0 = -f*m + 70939 + 23015. Is m composite?
True
Is (-21 - -1)/10 - (-1 + (-838579 - 1)) prime?
False
Let p(w) = 7*w**2 - 6*w + 18. Let c be p(7). Suppose x - 2021 = c. Suppose 0 = -b + 2*g + 587, 4*g + x = 4*b - 0*b. Is b prime?
False
Let p = 13380 + 17237. Is p a composite number?
True
Suppose 182974 - 11235718 = -24*o. Is o a composite number?
False
Let c(h) = -h**3 - 4*h**2 + 12*h - 14. Let k = -49 + 104. Suppose 8*o = 3*o - k. Is c(o) a prime number?
True
Suppose -17*q - 46*q + 44944155 = -18*q. Is q composite?
False
Suppose -m - m + 5*o - 81 = 0, 2*m + 51 = -5*o. Let z = -30 - m. Suppose 82 + z = h. Is h a composite number?
True
Suppose 10*j - 9*j - 2988 = 0. Suppose -6 = -2*b, 10*b - j = -3*i + 5*b. Is i prime?
True
Suppose -8*u - 14902 + 52774 = 0. Let l = -2612 + u. Is l a prime number?
False
Suppose -2*r + 65 = 5*p, -5*r + 40 = 4*p - r. Is (-4 - (-40)/p) + 44598/9 composite?
True
Let s be (1/((-9)/570))/((-12)/5094). Let t = s + -11232. Is t a prime number?
False
Let l = 41485 - 10472. Is l composite?
False
Let s = 642 - 640. Suppose s*y = 3*j + 4421, -2*j + 4051 = 4*y - 4751. Is y a composite number?
False
Let q(w) = w**2 - 14 + 5*w - 39*w + 26*w. Suppose -4*l + 2*k = 32 + 24, 41 = -3*l + 2*k. Is q(l) composite?
False
Suppose 0 = -78*j - 46*j + 15145484. Is j a composite number?
True
Let x(f) = -8672*f + 4413. Is x(-11) a prime number?
False
Let a(j) = -j**3 - 6*j**2 + j. Let w be a(-5). Let o be (816/10)/((-9)/w). Suppose 0 = 3*b - o - 721. Is b prime?
True
Let r = 126449 - 39654. Is r prime?
False
Suppose 0 = j + 4*o + 17, -15 = -3*j - 2*o - 16. Suppose 8224 = 2*x + j*p + 2*p, -4*x + 3*p + 16474 = 0. Is x a prime number?
False
Let u be (7 - (4 + -1)) + -2. Suppose u*h - 10 = h. Is 79010/30 + (1 - h/6) composite?
False
Let m(x) = 30*x + 24 + x**2 + 40*x - 78*x. Suppose a - 5 + 14 = 0. Is m(a) a prime number?
False
Let d be -19*(-151)/(-9) - 4/18. Let s be d/(-77) - (-1)/(-7). Suppose s = -0*g - g, -2*b - 2*g = -830. Is b a prime number?
True
Let h(z) = 6*z**2 + 13*z + 748. Is h(-53) a prime number?
False
Let x(q) = 3*q + 14. Let z be ((16/6)/2)/(3/(-9)). Let v be x(z). Is 2448/6 + v/2 composite?
False
Suppose 0 = -186*a + 68843465 - 20205801 + 67997542. Is a a prime number?
True
Suppose 57 = -6*z + 771. Suppose z*r - 122*r = -23151. Is r prime?
True
Let b be 5 + -3*5/(-3). Let r be ((-252)/(-24))/(3/b). Is (154/r)/11 + 1073/5 composite?
True
Let i be -20 + 27 - 2*32. Is 19/i - (-5528)/6 a prime number?
False
Let m(t) = -2*t**3 - 7*t**2 + t + 14. Let b(d) = -d**3 - 3*d**2 + 7. Let i(p) = 7*b(p) - 4*m(p). Let j be i(-12). Let a = -348 - j. Is a a prime number?
True
Suppose 3*w - 7*k - 145557 - 211613 = 0, -476234 = -4*w + 2*k. Is w prime?
False
Suppose -30586618 = 583*u - 621*u. Is u a composite number?
True
Let i(g) be the second derivative of g**3/6 + 13*g**2/2 - 6*g. Let f be i(-6). Suppose 3031 = f*z - 3052. Is z composite?
True
Suppose -4*j = -18 + 6. Let c(u) = u**3 - 6*u**2 + 6*u - 2. Let a be c(5). Suppose j*k + b = 669, -k + a*b = -b - 223. Is k prime?
True
Let x(m) = m**2 + 7*m + 11. Let a be x(-6). Suppose h - 4*l = a - 27, -23 = 4*h - 3*l. Is h/((-8138)/(-2714) + -3) a composite number?
True
Let n be -3 - ((-3)/(-6) - (-44)/(-8)). Suppose 20 = 4*j, n*j - 7 = -i + 2. Is (-5)/2*(-13 + i) prime?
False
Let h(k) = 230*k + 13. Suppose 3*d = 9*d + 60. Let v = -7 - d. Is h(v) a prime number?
False
Let q(r) = -29817*r - 2213. Is q(-36) a composite number?
True
Suppose 11*o = 7 - 7. Is (5 + o - 0) + 9108 a prime number?
False
Suppose -19*t - 72 = -10*t. Is (-48582)/t + -1 - (-95)/76 prime?
True
Suppose 11*u = 15*u - 16. Suppose 26616 = u*b + 2*b. Suppose 6*d - 2626 = b. Is d a prime number?
False
Let y(t) = -12*t + 201. Let v be y(16). Suppose 6*a - v*a = -82083. Is a prime?
True
Let w = -77431 - -169422. Is w a prime number?
False
Let r be 29545/20 - 2/8. Let t = -882 + -41. Let f = r + t. Is f a prime number?
False
Suppose -3*o + 13366 = -o + 4*k, -4*o + 26792 = -4*k. Let z = 12680 - o. Is z a prime number?
True
Let q(x) = -3*x + 44. Let c be q(13). Suppose 1300 + 1012 = 4*w - 4*m, 0 = w + c*m - 602. Suppose -4*n + 206 = 4*v - 546, -3*n + 3*v = -w. Is n prime?
True
Let 